e greatest common divisor of 2172 and 38191.
181
Calculate the greatest common factor of 866642 and 14.
14
What is the greatest common divisor of 2716 and 3458?
14
What is the greatest common factor of 75174 and 2814?
402
What is the highest common divisor of 768 and 90144?
96
Calculate the highest common divisor of 572 and 48103.
11
Calculate the highest common divisor of 103642 and 231.
77
Calculate the greatest common factor of 28 and 22439732.
28
Calculate the greatest common divisor of 95583 and 10872.
453
What is the greatest common divisor of 318675 and 672?
21
What is the greatest common factor of 1568 and 164248?
392
What is the highest common factor of 266155 and 4?
1
Calculate the highest common factor of 19500 and 3375.
375
What is the highest common divisor of 28785 and 30?
15
What is the greatest common divisor of 3872 and 68?
4
What is the highest common divisor of 26634 and 15042?
138
What is the highest common divisor of 3750866 and 236?
118
Calculate the greatest common divisor of 152 and 143963.
19
Calculate the greatest common factor of 4298 and 224.
14
What is the highest common factor of 77 and 2329393?
11
What is the highest common divisor of 1474942 and 14?
14
What is the greatest common factor of 12 and 355548?
12
Calculate the greatest common factor of 6303 and 297.
33
Calculate the greatest common divisor of 2250 and 143460.
90
What is the greatest common factor of 90 and 1752390?
90
What is the greatest common factor of 4301 and 4983?
11
What is the highest common divisor of 2320 and 15805?
145
Calculate the greatest common divisor of 4068 and 15372.
36
What is the highest common divisor of 184 and 44827?
23
What is the greatest common factor of 21357 and 273?
21
What is the highest common factor of 150492 and 36?
12
Calculate the greatest common divisor of 5252 and 1550653.
1313
What is the greatest common divisor of 2390 and 6870055?
1195
What is the greatest common factor of 35675 and 60?
5
Calculate the highest common factor of 1021 and 2.
1
What is the highest common factor of 39 and 210314?
13
Calculate the highest common factor of 10 and 96430.
10
Calculate the greatest common factor of 1000 and 109680.
40
Calculate the highest common divisor of 1038013 and 69.
23
Calculate the highest common divisor of 2367 and 2169.
9
What is the greatest common factor of 12862318 and 14?
14
Calculate the highest common divisor of 7194 and 4323.
33
What is the highest common factor of 42100 and 2700?
100
What is the highest common divisor of 74 and 108854?
74
Calculate the highest common divisor of 2688 and 133728.
672
What is the highest common factor of 40150 and 275?
275
Calculate the highest common divisor of 4335509 and 191.
191
Calculate the highest common factor of 93332 and 8.
4
What is the highest common divisor of 1620 and 50?
10
What is the highest common divisor of 165 and 7105670?
55
What is the greatest common divisor of 267914 and 194?
194
What is the greatest common factor of 4669 and 176813?
203
Calculate the greatest common factor of 334862 and 7856.
982
Calculate the greatest common divisor of 12606 and 12177.
33
Calculate the highest common factor of 91 and 141895.
13
Calculate the greatest common factor of 46052 and 464.
116
What is the greatest common factor of 12614 and 833?
119
What is the highest common divisor of 436 and 7?
1
What is the greatest common divisor of 193188 and 156?
12
What is the greatest common factor of 3636 and 2473692?
1212
What is the highest common factor of 180 and 49608?
36
Calculate the greatest common factor of 6 and 894426.
6
What is the greatest common divisor of 6789 and 949?
73
What is the greatest common factor of 6813 and 333?
9
What is the highest common factor of 91 and 29172?
13
What is the greatest common divisor of 371142 and 869?
79
Calculate the greatest common divisor of 20412 and 288.
36
What is the highest common divisor of 5402 and 438?
146
What is the greatest common factor of 63360 and 8040?
120
What is the greatest common factor of 310 and 500495?
155
Calculate the highest common divisor of 96255 and 14040.
135
What is the greatest common factor of 858 and 80795?
143
What is the greatest common divisor of 1991 and 30030?
11
What is the greatest common factor of 128329 and 5792?
181
Calculate the highest common factor of 225521 and 109.
109
What is the greatest common divisor of 52940 and 40?
20
Calculate the highest common factor of 1253 and 3439306.
179
Calculate the greatest common divisor of 8921 and 175987.
811
What is the greatest common divisor of 398 and 484366?
398
Calculate the greatest common factor of 75 and 266675.
25
Calculate the highest common factor of 12 and 927336.
12
Calculate the highest common factor of 9240 and 34760.
440
What is the greatest common divisor of 632390 and 110?
110
What is the greatest common divisor of 6710 and 3538?
122
What is the highest common factor of 540 and 31895?
5
Calculate the highest common factor of 2267480 and 40.
40
What is the greatest common factor of 50748 and 276?
12
What is the greatest common divisor of 9042 and 3858?
6
What is the highest common factor of 25 and 62?
1
What is the highest common factor of 12366 and 675?
27
What is the highest common divisor of 1248336 and 18?
18
Calculate the greatest common factor of 89568 and 4354.
622
Calculate the greatest common factor of 14280 and 17304.
168
What is the greatest common divisor of 56340 and 260?
20
What is the highest common factor of 24702 and 497262?
1074
What is the greatest common factor of 3020289 and 97?
97
Calculate the highest common factor of 138069 and 2088.
261
What is the greatest common divisor of 32 and 25792?
32
Calculate the greatest common divisor of 1575 and 126350.
175
Calculate the highest common divisor of 416205 and 1080.
135
What is the highest common divisor of 890 and 21520?
10
What is the highest common divisor of 6052 and 2006?
34
Calculate the highest common divisor of 25 and 5570.
5
Calculate the greatest common factor of 245216 and 2.
2
Calculate the highest common divisor of 4914 and 40446.
378
Calculate the greatest common divisor of 4864 and 36936.
152
Calculate the highest common factor of 180305 and 5.
5
What is the highest common divisor of 7 and 444871?
7
What is the highest common divisor of 15 and 444?
3
What is the highest common divisor of 17410 and 30?
10
What is the highest common divisor of 1182888 and 216?
72
What is the highest common divisor of 13050960 and 890?
890
What is the greatest common divisor of 6125 and 1295?
35
What is the highest common divisor of 19823 and 77486?
43
What is the greatest common factor of 11339 and 8381?
493
What is the highest common divisor of 2499 and 28441?
119
Calculate the highest common factor of 115 and 22793.
23
Calculate the highest common factor of 3263700 and 110.
110
Calculate the highest common factor of 306 and 8398.
34
What is the highest common divisor of 264 and 1309?
11
Calculate the greatest common divisor of 804 and 1032.
12
What is the greatest common divisor of 1436 and 175551?
359
What is the greatest common divisor of 64 and 2164?
4
What is the highest common divisor of 2120955 and 15?
15
Calculate the greatest common factor of 128493 and 135.
27
Calculate the highest common divisor of 2072901 and 129.
129
What is the highest common factor of 1080 and 774?
18
Calculate the greatest common divisor of 170 and 4794.
34
What is the highest common divisor of 45 and 74520?
45
Calculate the greatest common factor of 1005 and 5730.
15
Calculate the highest common factor of 24048 and 141552.
144
Calculate the greatest common divisor of 279 and 1430712.
279
What is the greatest common factor of 191 and 587?
1
What is the highest common factor of 2450 and 5341?
49
Calculate the greatest common factor of 3136 and 56644.
196
Calculate the greatest common divisor of 16815 and 34295.
95
What is the greatest common divisor of 12 and 17496?
12
What is the highest common divisor of 137 and 123711?
137
What is the greatest common factor of 69657 and 1498?
749
What is the greatest common divisor of 696 and 4698?
174
Calculate the highest common divisor of 206185 and 86.
43
What is the highest common factor of 15532 and 132?
44
What is the greatest common fac